f u(i). What is z(7)?
-8
Let x(r) = -2*r**3 - 500*r + 169*r + 164*r - 2*r**2 + 167*r. Give x(-2).
8
Let u be 12/20 + (-14)/(-10). Suppose -u*a - 2*x = -4*x - 28, -x + 30 = 3*a. Let f(b) = b**3 - 10*b**2 - 11*b - 6. What is f(a)?
-6
Let r(p) = -3*p + 3. Let i = -353 + 348. What is r(i)?
18
Let p = 36 + -21. Let h be (-55)/p + 2/(-6). Let g(l) be the first derivative of -l**2 + 5*l + 3. Calculate g(h).
13
Let i(p) be the second derivative of -p**4/12 - p**3/2 - 5*p**2/2 - 3*p - 28. Determine i(-6).
-23
Suppose 27 + 39 = 11*o. Let d(t) = o*t + 3*t + t - 9*t. What is d(-4)?
-4
Suppose -13 = 6*g - 61. Let x = g + -12. Let s(u) = -u**2 - 4*u - 5. Calculate s(x).
-5
Let z(s) = -2*s + 10. Let h be z(3). Let t(v) = 9 + h - v - 15. Calculate t(5).
-7
Let u(c) = c + 2. Suppose -4*w - 3*l = -91, -4*l = w - 15 - 11. Suppose 4*v = -w - 2. Give u(v).
-4
Let q(x) = -x**3 + 3*x**2 - 4*x + 3. Let v(d) = d - 1. Let f(i) = q(i) + 2*v(i). Suppose -11*p + 11 = -33. Suppose -9*b - p = -13*b. Calculate f(b).
1
Let i(g) be the first derivative of g**3/3 - 7*g**2/2 + 8*g + 2. What is i(6)?
2
Suppose 13*d - 10*d = 15. Suppose d*n + 0 = -v + 3, 2*n - 12 = 5*v. Let o(r) = 5 - 4 - 4 + r - 3*r. Calculate o(v).
1
Suppose 0 = 4*q - 8. Let r(g) = 0*g - 7 + q*g - g + 20. Give r(0).
13
Let n(v) be the second derivative of v**4/12 - v**3/2 + 5*v**2 + 311*v. Calculate n(0).
10
Suppose -22 = 7*m + 6. Let g be (m/6)/(4/(-18)). Let f(a) = 2*a - 3. Determine f(g).
3
Let l(t) = -t**2 - 7*t - 9. Let j(z) = 3*z**2 + 12*z + 9. Let a(n) = n**2. Let q(d) = -2*a(d) + j(d). Let f be q(-6). Let c be 9/(-2)*(-36)/f. What is l(c)?
-3
Let j be (-90)/(-12) - -3 - (-3)/(-6). Let p(s) = -s**2 + 12*s - 7. Determine p(j).
13
Let i(y) be the third derivative of y**4/24 + 19*y**3/6 + 143*y**2. Determine i(-16).
3
Let u(o) = o**2 + o - 2. Let c be (-22)/(-99) - (-50)/18. Suppose -a = -4*x - 3 + 5, -6 = c*x + 3*a. Determine u(x).
-2
Suppose 100 = 13*t + 12*t. Let m(f) = -14*f - 3. Calculate m(t).
-59
Suppose 3*t = -4*m + m - 69, -3*m - 15 = 0. Let l = -14 - t. Suppose p + 21 = 6*p + l*b, 4*b = 3*p - 19. Let d(s) = s**2 - 7*s. What is d(p)?
-10
Let n(g) = -2*g**2 - g + 1. Suppose -2*h - 3*k - 18 = 0, -3*k = -5*k - 8. Let j(p) = -p**2 + 1. Let z(f) = h*n(f) + 5*j(f). Give z(-3).
2
Let t(q) = 8*q**2 + 14*q + 3. Let n(s) = 7*s**2 + 12*s + 3. Let z(b) = 6*n(b) - 5*t(b). What is z(-2)?
7
Let t(n) be the first derivative of -n**5/40 - n**4/12 - 25*n**3/3 - 31. Let l(u) be the third derivative of t(u). What is l(-4)?
10
Let p(g) = g**3 - 4*g**2 + 3*g - 1. Let z = 5 - 0. Suppose 5*t + n + 3 = 6, 5*n - 15 = z*t. Let k be (t - -1)*(0 - -2). Give p(k).
-3
Let w(z) = z + 13. Let l be w(-11). Suppose -4*x = -3*m + 28, m - 44 = -3*m + l*x. Suppose k = -2*k + m. Let v(j) = j + 3. Give v(k).
7
Let w(j) = j**2 - 4. Suppose 5*p + 18 = 4*q, 4*q - 4*p - 382 = -366. Determine w(q).
0
Let w(t) = -3*t**2 - t - 11. Let r(s) = 2*s**2 + 6. Let c(f) = -5*r(f) - 3*w(f). Determine c(5).
-7
Let b(s) = -s**2 - 5*s - 4. Let m be 2 + (-5)/(5/27). Let x be (-25)/(-10)*40/m. Calculate b(x).
0
Let k(j) = 5*j**3 - j**2. Let f be k(-1). Let d(g) = -g. Let m be d(-5). Let i(y) = 5*y + m*y**2 + 0*y - y**2 + 3 - 3*y**2. Calculate i(f).
9
Let v = -1 + 1. Suppose v = -3*i + 1 + 23. Let c be (i/20)/((-2)/(-30)). Let h(u) = 2*u - 8. Calculate h(c).
4
Suppose -4*n + n = 9. Let k(c) be the third derivative of c**7/5040 + c**6/720 + c**5/4 - 13*c**2. Let d(i) be the third derivative of k(i). Calculate d(n).
-2
Suppose -3*k + 8 = k. Let h(f) = 0 + 9 - 5 - f - f**k. Suppose -w - 4*x + 5 = 0, -3*x + 16 = -2*w + 2*x. Calculate h(w).
-2
Let y = 38 + -31. Suppose -6*l + y*l = 2. Let k(h) = -h**2 + 2. Give k(l).
-2
Let v(i) = -i**2 + i + 26. Suppose -c = -4*g - 20, 4*c + 135*g - 131*g = -20. Calculate v(c).
26
Let w(z) be the second derivative of z**4/6 + 4*z**3/3 + 7*z**2/2 + z. Let a be (3/(-5) - (-40)/25) + 3. Suppose 13*v + 45 = a*v. What is w(v)?
17
Let n(q) = -3*q - 43. Suppose -275 = 1300*x - 1275*x. Determine n(x).
-10
Let j(o) be the third derivative of o**5/60 - o**4/4 + 2*o**3 + 20*o**2 - 3. Calculate j(8).
28
Let w(l) be the third derivative of l**8/10080 - l**7/720 + l**6/120 + 7*l**5/60 + 13*l**2. Let a(y) be the third derivative of w(y). Determine a(5).
21
Suppose 5*b - k + 35 + 6 = 0, 4*k = -2*b - 12. Let u(a) = -a**2 - 7*a + 18. What is u(b)?
10
Suppose -191*l - 1187 = 176*l + 281. Let a(y) = -6*y**2 - y**3 + 1 + 3 + 2*y**2. What is a(l)?
4
Let v(d) be the first derivative of 2*d + 0*d**2 - 1/4*d**4 + 28 - 2/3*d**3. Determine v(-2).
2
Let d(o) = -2*o**3 - 3*o**2 - 3*o - 4. Let n(a) = 3*a**3 + 5*a**2 + 5*a + 7. Let l(v) = -5*d(v) - 3*n(v). Determine l(-1).
-2
Let z(l) be the second derivative of 1/12*l**4 + 9*l + 0 - 4/3*l**3 - l**2. What is z(8)?
-2
Let p(v) = v. Let u(a) = 5*a**2 - a - 7. Let n be u(3). Suppose 2*f + 5*f = n. Determine p(f).
5
Let g(v) = 2*v**2 + 22*v - 6. Let q be g(-12). Suppose -f = -7*f + q. Let d(t) = -t**3 + 3*t**2 + 4*t - 3. What is d(f)?
9
Let p(i) = i**3 + 2*i**2 - 9*i - 12. Let m be p(-3). Let q(r) = r**3 - 5*r**2 - 7*r - 4. Give q(m).
-10
Let b(a) = a + a + a - 4*a. Let r = -14 + 15. Let w(z) = 2*z - 2. Let j(y) = r*w(y) - b(y). What is j(4)?
10
Let o(r) = 3 + 0*r**2 - 1 - r**2 - r + 2*r**2 - 2*r**2. What is o(0)?
2
Let y(c) = c + 1. Suppose -3*q + 3*p + 7 = 13, 0 = q + p. Calculate y(q).
0
Let f(m) = m - 9. Let s(c) = -c + 7. Let i be s(8). Let k = 6 + i. Let r be (-4)/10 + 27/k. Determine f(r).
-4
Let g(s) = -s**3 - 7*s**2 - s + 4. Let l(k) = -k**3 - 8*k**2 + 24*k + 33. Let p be l(-10). Give g(p).
11
Let u(h) = -25*h + 12. Let s(b) = 5*b - 2. Let a(c) = -22*s(c) - 4*u(c). What is a(-2)?
16
Let t(q) = -2*q**2 + 2*q + 1. Let w(c) = c**3 - 41*c**2 + 2*c - 83. Let s be w(41). What is t(s)?
-3
Let i = 238 + -234. Suppose 1 = 5*d + 3*n - 0, 4*d - 5 = -n. Let k(b) = -2*b**2 + 4 + b + 3*b**d - 2*b**2. Calculate k(i).
-8
Let u(n) be the second derivative of n**5/120 - n**4/8 + n**3/6 + 2*n. Let s(x) be the second derivative of u(x). Let q be 4/(14*4/70). Calculate s(q).
2
Let j(f) = -63*f - 7. Let v(i) = -173*i - 19. Let s(k) = 11*j(k) - 4*v(k). Let d be (-4)/(-14) - 30/7. Give s(d).
3
Suppose -5*q - 3*o + 15 = 0, 0*o + 3*o = 15. Let x(h) = h**2 + 9. Give x(q).
9
Let j be -1*(14/8)/((-5)/20). Let y(o) = j + 9*o**2 + 3*o - 4*o - o - o**3 - 4*o**2. Determine y(5).
-3
Let r(t) be the second derivative of t**4/3 + 7*t**2/2 + 3*t. Suppose 9 - 7 = 2*m. Let u(v) = v**2 + 1. Let g(w) = m*r(w) - 6*u(w). What is g(2)?
-7
Let r(l) = -l**3 + 7*l**2 + 4*l - 15. Let b be r(7). Let k(d) = 11*d + b - 16*d + 6*d. Give k(-9).
4
Suppose -c + 2*c + 4 = 0. Let n(z) be the second derivative of -z**4/6 - 5*z**3/6 + 4*z + 2. Determine n(c).
-12
Let m(j) = j**3 - 9*j**2 + 13*j + 11. Let l be m(7). Let k(w) = -w**3 + 5*w**2 - 5*w. Give k(l).
-4
Suppose -2*f + 4*j + 10 = 0, -j = 3*f - 0*f + 13. Let y(x) = x**3 + 4*x**2 + 5*x + 2. Let h be y(f). Let a(i) = -3*i - 6. What is a(h)?
6
Let p(o) = -6*o + 28. Suppose 4*n = 2*n + 2*z + 10, 2 = 4*n + 5*z. Let v(s) = 2*s - 9. Let c(h) = n*p(h) + 10*v(h). Let t be 3*-28*(-1)/12. What is c(t)?
8
Let g be ((-135)/(-6))/(15/20). Suppose -4*l = 2*l - g. Let v(d) = d**2 - 3*d - 7. Determine v(l).
3
Let w(s) = -s**3 + 7*s**2 - 4. Let o(c) = 56 + c - 57 + 7*c. Let g be o(1). What is w(g)?
-4
Let h(c) = -5*c**2 - 298*c - 3 + 5*c**2 - 309*c + 603*c - c**2. Let s(d) = d + 1. Let p be s(-3). What is h(p)?
1
Let r(d) be the first derivative of -3*d**4 - d**3/3 - d**2/2 + 4. Suppose 7*m - 4 + 11 = 0. Determine r(m).
12
Let k(o) be the second derivative of -o**3/6 - 50*o. Calculate k(12).
-12
Let t(a) = 4*a**2 - 16*a + 31*a - 2 - 16*a + 3. Suppose 0 = -3*j - 3*m - 3, -2*m - 3*m - 23 = -4*j. What is t(j)?
15
Let b(z) = -21*z**2 - 20*z**2 + 6 + 40*z**2 - 10*z - 22 - 1. Determine b(-5).
8
Suppose 0 = 5*r - 4*r - 3*g + 6, 2 = -4*r + g. Let h(v) = -2 + 0*v - v - 2*v**2 + r*v - v**3 + 7*v**2. Suppose 4 = k - 0. Determine h(k).
10
Let i(x) = x**2 + x - 2. Let w = -96 + 86. Let m(f) = -4*f - 44. Let k be m(w). Calculate i(k).
10
Let u be (-1 - 0) + (6 - 3). Let z(n) be the first derivative of -n**3 + n**2/2 + 2*n + 394. Give z(u).
-8
Let s(g) = -25*g**3 + 52*g**2 - 11*g + 30. Let r(h) = 9*h**3 - 18*h**2 + 4*h - 10. Let o(c) =